 n*r + 3*q = 3260. Let i = r - -27. Is i a prime number?
False
Suppose -2*y = 5*j + y - 22, -2*y = -8. Suppose -j*v - k = -17238 + 4012, -5*k + 19839 = 3*v. Is v composite?
True
Let y(w) = -w**3 - 13*w**2 + w + 2. Let x be y(-13). Let v(z) = -4*z**3 - 18*z**2 - z - 2. Let n be v(x). Let a = n + -1804. Is a a composite number?
True
Let a = 850406 - 296193. Is a a prime number?
False
Let q be 36/(1 + 1 - 3). Let w = q - -38. Suppose -w*j = -169 - 237. Is j composite?
True
Let d(w) = -8*w**2 + 12*w - 26. Let t be (-6)/(1/(-2) + 1/(-10)). Let j be d(t). Is j/(-4)*(-1 + (-6)/(-2)) prime?
True
Suppose -442502 = -2*f - 4*q, 9*f + 442506 = 11*f + 5*q. Is f composite?
True
Let y(g) be the third derivative of g**5/60 + 29*g**4/12 - g**3/2 - 14*g**2. Let q(i) be the first derivative of y(i). Is q(0) a prime number?
False
Let a(c) = -34*c**3 - c**2 - 5*c + 19. Is a(-8) a composite number?
True
Let o(h) = h**3 - 5*h**2 + 8*h + 27. Suppose 11*m - 24 = 5*m. Suppose 2*b + 57 = 8*t - 3*t, m*t - 41 = -3*b. Is o(t) a prime number?
False
Suppose -2*c + 9*g + 130338 = 4*g, -c = -5*g - 65159. Is c a prime number?
True
Is 18/3*387552/576 a prime number?
False
Let p = 134294 + -63207. Is p a prime number?
False
Let h = -110 - -102. Let a(p) = -238*p - 103. Is a(h) prime?
True
Let b = 39 + -36. Suppose 13 = b*k + 7. Suppose -2*i = -k*n - 2427 + 585, -4*i + 3*n = -3682. Is i a composite number?
False
Let w = 172264 - 23991. Is w a composite number?
True
Let b be 2*-7*1*(0 + -9921). Suppose -13*x + b = 8*x. Is x composite?
True
Suppose -4*b - 304*i = -303*i - 372187, -2*b + 2*i + 186096 = 0. Is b prime?
True
Let l(g) be the first derivative of -9*g**2/2 + 3983*g - 10. Is l(0) a prime number?
False
Let l(b) = 21*b**2 + 20*b + 29. Let r be l(28). Let w = r - 10076. Is w a composite number?
False
Suppose 3*h - 221*n = -222*n + 385170, 0 = -2*h + n + 256775. Is h a prime number?
True
Suppose -272492 = -182*x + 178*x. Suppose 0 = 4*z + 8191 - x. Is z composite?
False
Suppose 34 = 4*j + 18. Suppose 0 = 4*k - 3*s - 12881, -3*k + 4*k + j*s = 3225. Is k a prime number?
True
Let d(s) = s**2 + 7*s - 20. Let n(c) = -5*c + 32. Let g be n(8). Let z be d(g). Is ((-2)/(-3))/(z/(-23292)) a composite number?
True
Let u be (-663154)/(-12) + (-3 - (-38)/12). Is -5 - (-94)/18 - u/(-27) prime?
False
Let f = 55749 - -105744. Is f prime?
False
Let c(i) = -69*i + 766. Let p be c(11). Let l(b) = 265*b - 6. Let a be l(-6). Is (54/(-8))/(p/a) - 1 a composite number?
True
Suppose -5*a - 4676488 = -4*u - 944360, -u + 933011 = 4*a. Is u composite?
True
Let w = 1341623 - 638656. Is w a prime number?
False
Suppose q - 1057 = -4*x, 55*x - 5319 = -5*q + 52*x. Suppose 6*t = 89361 + q. Is t prime?
False
Suppose -117326 = 26*m - 28*m. Is m a prime number?
False
Let m be 14/6 + -2 + 762790/42. Suppose -8*g + m = -5926. Is g a composite number?
False
Let m(f) = 15389*f**2 + 12*f - 10. Let z(p) = -30778*p**2 - 24*p + 20. Let d(k) = -5*m(k) - 3*z(k). Is d(1) a composite number?
False
Suppose -6*s + 7 = -17. Let j be (-1)/(-3 - -1)*48. Suppose -35 = -5*f - 5*n, -5*f - s*n + j + 11 = 0. Is f composite?
False
Suppose 0 = b + 26*b - 6*b - 508998. Is b composite?
True
Suppose -42 = -3*k - 5*z + 6*z, -5*k + 68 = -z. Suppose 89351 = k*s + 20542. Is s a composite number?
True
Let v = -48 - -57. Suppose v*o - 9737 = -4*o. Is o prime?
False
Suppose 56*x - 6378039 = -45*x - 1205122. Is x composite?
False
Suppose -4*q - 5*t + 6*t - 2991 = 0, -3*q - 2238 = t. Let y = -267 - q. Suppose -3*f - 140 = -4*f - 5*p, 4*f = -4*p + y. Is f prime?
False
Let p(d) = 66*d**3 + 8*d**2 - 10*d - 71. Is p(18) composite?
False
Let j be -3 - (-3 - -2) - (3701 + 0). Let w = j - -6840. Is w composite?
False
Let j be 0/(-3) + (-2 - (1 + -10)). Let g be 14*((-28)/8)/j. Is g + 58/8 + (-9831)/(-4) a composite number?
True
Suppose 3*c - m - 1127106 - 4313967 = 0, 3*m - 9068483 = -5*c. Is c a composite number?
True
Suppose 2*v - 330*r + 335*r - 407042 = 0, v = 2*r + 203539. Is v a prime number?
True
Suppose 0 = 2*f - 4*q - 305662, q - 129821 = 4*f - 741152. Is f a composite number?
False
Let a be ((-1)/(-3))/((-2)/(-36)). Suppose -31068 = a*r - 15*r. Suppose 8*t = -r + 9124. Is t a prime number?
True
Let q = 2236 + 1018. Suppose -3*n = 3*a - 15, -a - 2*a + 24 = 4*n. Suppose -1129 - q = -n*x. Is x prime?
True
Suppose 349*d - 334*d - 26745 = 0. Is d a prime number?
True
Let w = 9699 - 26892. Let h = w - -34814. Is h composite?
True
Let b = 9677 - 4926. Is b composite?
False
Let z(y) be the third derivative of y**5/15 - 2*y**3 - 13*y**2. Let c be z(-3). Suppose 19*k = c*k - 6590. Is k prime?
False
Suppose 146*r - 148*r + 17566 = 0. Suppose -2*t = 4*n + t - r, -5*n = 4*t - 10979. Is n prime?
False
Let v(q) = q**3 + 15*q**2 + 28*q + 37. Let j be v(-16). Let x = -256 - j. Is x a prime number?
False
Let l = 84864 + 54565. Is l a prime number?
True
Let n(u) = 3*u + 4 + 5*u + 2*u**2 + 2*u. Let j be n(-8). Is (j/(-8))/(2/(-4)) a composite number?
False
Suppose 0 = q - 5*q + 12, -4*q = 3*x - 270. Suppose x*f - 85*f - 7 = 0. Suppose 0 = -i - f*i + 2584. Is i a composite number?
True
Let c(l) = 385*l**2 + 2*l + 4. Let k be c(3). Let g(w) = 383*w - 26. Let h be g(-6). Let v = h + k. Is v composite?
False
Let t = 251335 + 7536. Is t composite?
False
Let k(o) = 1176*o - 131. Let a be k(-20). Let y = a + 42682. Is y a prime number?
True
Suppose -4*a = -0*a - 3528. Suppose 4*r + a = f, -3*f = -2*r - 3571 + 895. Suppose 2*k = -3*c + f, 2*k + c + 1363 = 5*k. Is k a prime number?
False
Let a = -9947 - -23994. Is a a composite number?
True
Suppose -31*l + 60 = -95. Suppose 21011 = 4*n + 5*b, 2*n - l*b - 6896 = 3587. Is n prime?
False
Suppose -4*b = 3*m - 5*b - 17, -4*m = 3*b - 1. Suppose 2*x + a - 1478 = 0, m*x - 2956 = 2*a - 6*a. Is x composite?
False
Let u = -79 + 38. Let y = -29 - u. Suppose 0 = -y*j + 5*j + 19033. Is j prime?
True
Suppose 0 = 2*v - 2*n - 10, 4*v + 0*n - 2*n = 10. Suppose -i + v*i = 407. Let o = 666 + i. Is o composite?
True
Suppose u - 428 - 78 = 0. Suppose 0 = -2*j - 88 + u. Suppose 914 - j = 5*y. Is y a composite number?
True
Let m(g) = 8*g - 62. Let k be m(8). Let i be k/(3 + (-9785)/3265). Suppose -3*b + 226 = -i. Is b composite?
False
Let u(o) = -o**3 - 4*o**2 + 4*o + 2. Let q be u(2). Let z be 8/(-28) - 494/q. Suppose c + z = 104. Is c a composite number?
True
Let k(o) = 546567*o**2 - 19*o + 21. Is k(1) composite?
False
Suppose -a = -11*p + 7*p - 44155, 0 = 5*a - 4*p - 220727. Is a a prime number?
False
Is (-2582124)/(-14) - (-968)/1694 a composite number?
True
Let x = -26 - -32. Is ((291/6)/(-1))/((-3)/x) a composite number?
False
Let b be (0 - 0 - -1)/((-1)/3). Let n(x) = -19 - 3 - 776*x - 235*x - 308*x. Is n(b) a prime number?
False
Is (13 + (-5212992)/36)/((-3)/9) a prime number?
True
Let l be ((-8)/(-6))/((-1)/(-3)). Suppose -l*k - 29710 = -14*k. Suppose -3*f - k = -4*w, -2*f + 1458 = 2*w + 2*f. Is w a composite number?
False
Suppose 246*y - 226*y = 929980. Is y composite?
False
Let q be (-106)/(-22) - 18/(-99). Suppose z = 4*k - 2*z - 3740, -k - q*z + 912 = 0. Suppose k - 186 = 2*m. Is m a prime number?
True
Let u = -32646 - -46215. Let x = 19886 - u. Is x a composite number?
False
Suppose 10*r = 8 + 32. Is r/5 - (9 - 79704/45) prime?
False
Let y(f) = -f**2 + 11*f + 7. Let z be y(5). Suppose -3*l - 13*x + 10*x + 66 = 0, 0 = -4*l - 3*x + 93. Let q = z - l. Is q prime?
False
Let d = 279 + -28. Suppose 395 = k - d. Suppose -k - 340 = -2*g. Is g a prime number?
False
Suppose -2*k = -26 + 22. Suppose k*l = 283 + 75. Is l a composite number?
False
Suppose -24980 = 424*o - 426*o. Let r = o - 7363. Is r a composite number?
True
Let m(s) = 3*s**3 - 11*s**2 + 3*s - 7. Let a be m(5). Let d = a - 108. Suppose 2*p = -p + 2*t + 426, d = p + 5*t - 142. Is p a prime number?
False
Let t = 7 - -25882. Is t prime?
True
Let p be 2 + 1 + 0/(3 + -2). Suppose 2*w - 84 = -p*o, -5*w - o - 21 = -218. Suppose -46*c + 7609 = -w*c. Is c a composite number?
False
Let b = -177 - -207. Is (9/b*-314)/((-5)/25) composite?
True
Let p(u) = 16*u**2 - 25*u - 113. Let t be p(-14). Suppose 0 = -5*c - 4*w + t, 0 = -c + 5*w - 2*w + 667. Is c a prime number?
True
Let x(n) = 41*n**3 + 2*n**2 - 2*n - 1. Let u be (-88)/(-33)*(-6)/(-4). Let w be u/(-6)*-1*3. Is x(w) prime?
True
Sup